{"id":17,"date":"2023-10-07T23:58:06","date_gmt":"2023-10-07T23:58:06","guid":{"rendered":"https:\/\/saibam.com.br\/excel\/?page_id=17"},"modified":"2023-10-12T23:08:50","modified_gmt":"2023-10-12T23:08:50","slug":"sobre","status":"publish","type":"page","link":"https:\/\/saibam.com.br\/excel\/sobre\/","title":{"rendered":"Sobre"},"content":{"rendered":"\t\t<div data-elementor-type=\"wp-page\" data-elementor-id=\"17\" class=\"elementor elementor-17\">\n\t\t\t\t<div class=\"elementor-element elementor-element-65e9aa8 e-flex e-con-boxed e-con e-parent\" data-id=\"65e9aa8\" data-element_type=\"container\">\n\t\t\t\t\t<div class=\"e-con-inner\">\n\t\t\t\t<div class=\"elementor-element elementor-element-45b23e9 elementor-icon-list--layout-inline elementor-align-center elementor-list-item-link-full_width elementor-widget elementor-widget-icon-list\" data-id=\"45b23e9\" data-element_type=\"widget\" data-widget_type=\"icon-list.default\">\n\t\t\t\t<div class=\"elementor-widget-container\">\n\t\t\t\t\t\t\t<ul class=\"elementor-icon-list-items elementor-inline-items\">\n\t\t\t\t\t\t\t<li class=\"elementor-icon-list-item elementor-inline-item\">\n\t\t\t\t\t\t\t\t\t\t\t<a href=\"https:\/\/saibam.com.br\/\">\n\n\t\t\t\t\t\t\t\t\t\t\t\t<span class=\"elementor-icon-list-icon\">\n\t\t\t\t\t\t\t<i aria-hidden=\"true\" class=\"fas fa-home\"><\/i>\t\t\t\t\t\t<\/span>\n\t\t\t\t\t\t\t\t\t\t<span class=\"elementor-icon-list-text\">Home<\/span>\n\t\t\t\t\t\t\t\t\t\t\t<\/a>\n\t\t\t\t\t\t\t\t\t<\/li>\n\t\t\t\t\t\t\t\t<li class=\"elementor-icon-list-item elementor-inline-item\">\n\t\t\t\t\t\t\t\t\t\t\t<a href=\"https:\/\/saibam.com.br\/excel\/blog\">\n\n\t\t\t\t\t\t\t\t\t\t\t\t<span class=\"elementor-icon-list-icon\">\n\t\t\t\t\t\t\t<i aria-hidden=\"true\" class=\"fas fa-blog\"><\/i>\t\t\t\t\t\t<\/span>\n\t\t\t\t\t\t\t\t\t\t<span class=\"elementor-icon-list-text\">Blog<\/span>\n\t\t\t\t\t\t\t\t\t\t\t<\/a>\n\t\t\t\t\t\t\t\t\t<\/li>\n\t\t\t\t\t\t\t\t<li class=\"elementor-icon-list-item elementor-inline-item\">\n\t\t\t\t\t\t\t\t\t\t\t<a href=\"https:\/\/saibam.com.br\/excel\/contato\">\n\n\t\t\t\t\t\t\t\t\t\t\t\t<span class=\"elementor-icon-list-icon\">\n\t\t\t\t\t\t\t<i aria-hidden=\"true\" class=\"fab fa-contao\"><\/i>\t\t\t\t\t\t<\/span>\n\t\t\t\t\t\t\t\t\t\t<span class=\"elementor-icon-list-text\">Contato<\/span>\n\t\t\t\t\t\t\t\t\t\t\t<\/a>\n\t\t\t\t\t\t\t\t\t<\/li>\n\t\t\t\t\t\t\t\t<li class=\"elementor-icon-list-item elementor-inline-item\">\n\t\t\t\t\t\t\t\t\t\t\t<a href=\"https:\/\/saibam.com.br\/excel\/sobre\">\n\n\t\t\t\t\t\t\t\t\t\t\t\t<span class=\"elementor-icon-list-icon\">\n\t\t\t\t\t\t\t<i aria-hidden=\"true\" class=\"far fa-laugh\"><\/i>\t\t\t\t\t\t<\/span>\n\t\t\t\t\t\t\t\t\t\t<span class=\"elementor-icon-list-text\">Sobre<\/span>\n\t\t\t\t\t\t\t\t\t\t\t<\/a>\n\t\t\t\t\t\t\t\t\t<\/li>\n\t\t\t\t\t\t\t\t<li class=\"elementor-icon-list-item elementor-inline-item\">\n\t\t\t\t\t\t\t\t\t\t\t<a href=\"https:\/\/saibam.com.br\/excel\/pesquisar-no-site\/\">\n\n\t\t\t\t\t\t\t\t\t\t\t\t<span class=\"elementor-icon-list-icon\">\n\t\t\t\t\t\t\t<i aria-hidden=\"true\" class=\"fas fa-search\"><\/i>\t\t\t\t\t\t<\/span>\n\t\t\t\t\t\t\t\t\t\t<span class=\"elementor-icon-list-text\">Pesquisar<\/span>\n\t\t\t\t\t\t\t\t\t\t\t<\/a>\n\t\t\t\t\t\t\t\t\t<\/li>\n\t\t\t\t\t\t<\/ul>\n\t\t\t\t\t\t<\/div>\n\t\t\t\t<\/div>\n\t\t\t\t\t<\/div>\n\t\t\t\t<\/div>\n\t\t<div class=\"elementor-element elementor-element-4b4571bb e-flex e-con-boxed e-con e-parent\" data-id=\"4b4571bb\" data-element_type=\"container\">\n\t\t\t\t\t<div class=\"e-con-inner\">\n\t\t\t\t<div class=\"elementor-element elementor-element-5e6301d1 elementor-widget elementor-widget-text-editor\" data-id=\"5e6301d1\" data-element_type=\"widget\" data-widget_type=\"text-editor.default\">\n\t\t\t\t<div class=\"elementor-widget-container\">\n\t\t\t\t\t\t\t\t\t\n<p><strong>Sobre N\u00f3s<\/strong><\/p>\n\n<p>Bem-vindo ao nosso universo VBA! Somos uma equipe apaixonada por programa\u00e7\u00e3o VBA e estamos dedicados a ajudar voc\u00ea a dominar essa poderosa linguagem de automa\u00e7\u00e3o no Microsoft Excel e outras aplica\u00e7\u00f5es do Office.<\/p>\n\n<p>Nossa miss\u00e3o \u00e9 tornar a programa\u00e7\u00e3o acess\u00edvel e compreens\u00edvel para todos, desde iniciantes at\u00e9 programadores experientes. Atrav\u00e9s de tutoriais detalhados, exemplos pr\u00e1ticos e dicas valiosas, queremos capacit\u00e1-lo a criar solu\u00e7\u00f5es eficazes e eficientes para suas necessidades de automa\u00e7\u00e3o.<\/p>\n\n<p>Nossos instrutores s\u00e3o profissionais experientes e entusiastas por compartilhar conhecimento. Estamos constantemente atualizados com as \u00faltimas tend\u00eancias e melhores pr\u00e1ticas no mundo da programa\u00e7\u00e3o VBA.<\/p>\n\n<p>Agradecemos por fazer parte da nossa comunidade e estamos ansiosos para apoi\u00e1-lo em sua jornada de programa\u00e7\u00e3o!<\/p>\n\t\t\t\t\t\t\t\t<\/div>\n\t\t\t\t<\/div>\n\t\t\t\t\t<\/div>\n\t\t\t\t<\/div>\n\t\t\t\t<\/div>\n\t\t","protected":false},"excerpt":{"rendered":"<p>Home Blog Contato Sobre Pesquisar Sobre N\u00f3s Bem-vindo ao nosso universo VBA! Somos uma equipe apaixonada por programa\u00e7\u00e3o VBA e estamos dedicados a ajudar voc\u00ea a dominar essa poderosa linguagem de automa\u00e7\u00e3o no Microsoft Excel e outras aplica\u00e7\u00f5es do Office. Nossa miss\u00e3o \u00e9 tornar a programa\u00e7\u00e3o acess\u00edvel e compreens\u00edvel para todos, desde iniciantes at\u00e9 programadores &hellip; <a href=\"https:\/\/saibam.com.br\/excel\/sobre\/\" class=\"more-link\">Continue reading <span class=\"screen-reader-text\">Sobre<\/span><\/a><\/p>\n","protected":false},"author":2,"featured_media":0,"parent":0,"menu_order":0,"comment_status":"closed","ping_status":"closed","template":"","meta":{"tpgb_global_settings":"","footnotes":""},"class_list":["post-17","page","type-page","status-publish","hentry"],"yoast_head":"<!-- This site is optimized with the Yoast SEO plugin v25.4 - https:\/\/yoast.com\/wordpress\/plugins\/seo\/ -->\n<title>Sobre - Saibam<\/title>\n<meta name=\"description\" content=\"Bem-vindo ao nosso universo VBA! Somos uma equipe apaixonada por programa\u00e7\u00e3o VBA e estamos dedicados a ajudar voc\u00ea a dominar essa poderosa linguagem de automa\u00e7\u00e3o no Microsoft Excel e outras aplica\u00e7\u00f5es do Office.\" \/>\n<meta name=\"robots\" content=\"index, follow, max-snippet:-1, max-image-preview:large, max-video-preview:-1\" \/>\n<link rel=\"canonical\" href=\"https:\/\/saibam.com.br\/excel\/sobre\/\" \/>\n<meta property=\"og:locale\" content=\"pt_PT\" \/>\n<meta property=\"og:type\" content=\"article\" \/>\n<meta property=\"og:title\" content=\"Sobre - Saibam\" \/>\n<meta property=\"og:description\" content=\"Bem-vindo ao nosso universo VBA! Somos uma equipe apaixonada por programa\u00e7\u00e3o VBA e estamos dedicados a ajudar voc\u00ea a dominar essa poderosa linguagem de automa\u00e7\u00e3o no Microsoft Excel e outras aplica\u00e7\u00f5es do Office.\" \/>\n<meta property=\"og:url\" content=\"https:\/\/saibam.com.br\/excel\/sobre\/\" \/>\n<meta property=\"og:site_name\" content=\"Saibam\" \/>\n<meta property=\"article:modified_time\" content=\"2023-10-12T23:08:50+00:00\" \/>\n<meta name=\"twitter:card\" content=\"summary_large_image\" \/>\n<meta name=\"twitter:label1\" content=\"Tempo estimado de leitura\" \/>\n\t<meta name=\"twitter:data1\" content=\"1 minuto\" \/>\n<script type=\"application\/ld+json\" class=\"yoast-schema-graph\">{\"@context\":\"https:\/\/schema.org\",\"@graph\":[{\"@type\":\"WebPage\",\"@id\":\"https:\/\/saibam.com.br\/excel\/sobre\/\",\"url\":\"https:\/\/saibam.com.br\/excel\/sobre\/\",\"name\":\"Sobre - Saibam\",\"isPartOf\":{\"@id\":\"https:\/\/saibam.com.br\/excel\/#website\"},\"datePublished\":\"2023-10-07T23:58:06+00:00\",\"dateModified\":\"2023-10-12T23:08:50+00:00\",\"description\":\"Bem-vindo ao nosso universo VBA! Somos uma equipe apaixonada por programa\u00e7\u00e3o VBA e estamos dedicados a ajudar voc\u00ea a dominar essa poderosa linguagem de automa\u00e7\u00e3o no Microsoft Excel e outras aplica\u00e7\u00f5es do Office.\",\"breadcrumb\":{\"@id\":\"https:\/\/saibam.com.br\/excel\/sobre\/#breadcrumb\"},\"inLanguage\":\"pt-PT\",\"potentialAction\":[{\"@type\":\"ReadAction\",\"target\":[\"https:\/\/saibam.com.br\/excel\/sobre\/\"]}]},{\"@type\":\"BreadcrumbList\",\"@id\":\"https:\/\/saibam.com.br\/excel\/sobre\/#breadcrumb\",\"itemListElement\":[{\"@type\":\"ListItem\",\"position\":1,\"name\":\"In\u00edcio\",\"item\":\"https:\/\/saibam.com.br\/excel\/\"},{\"@type\":\"ListItem\",\"position\":2,\"name\":\"Sobre\"}]},{\"@type\":\"WebSite\",\"@id\":\"https:\/\/saibam.com.br\/excel\/#website\",\"url\":\"https:\/\/saibam.com.br\/excel\/\",\"name\":\"Saibam\",\"description\":\"Excel Macros VBA\",\"potentialAction\":[{\"@type\":\"SearchAction\",\"target\":{\"@type\":\"EntryPoint\",\"urlTemplate\":\"https:\/\/saibam.com.br\/excel\/?s={search_term_string}\"},\"query-input\":{\"@type\":\"PropertyValueSpecification\",\"valueRequired\":true,\"valueName\":\"search_term_string\"}}],\"inLanguage\":\"pt-PT\"}]}<\/script>\n<!-- \/ Yoast SEO plugin. -->","yoast_head_json":{"title":"Sobre - Saibam","description":"Bem-vindo ao nosso universo VBA! Somos uma equipe apaixonada por programa\u00e7\u00e3o VBA e estamos dedicados a ajudar voc\u00ea a dominar essa poderosa linguagem de automa\u00e7\u00e3o no Microsoft Excel e outras aplica\u00e7\u00f5es do Office.","robots":{"index":"index","follow":"follow","max-snippet":"max-snippet:-1","max-image-preview":"max-image-preview:large","max-video-preview":"max-video-preview:-1"},"canonical":"https:\/\/saibam.com.br\/excel\/sobre\/","og_locale":"pt_PT","og_type":"article","og_title":"Sobre - Saibam","og_description":"Bem-vindo ao nosso universo VBA! Somos uma equipe apaixonada por programa\u00e7\u00e3o VBA e estamos dedicados a ajudar voc\u00ea a dominar essa poderosa linguagem de automa\u00e7\u00e3o no Microsoft Excel e outras aplica\u00e7\u00f5es do Office.","og_url":"https:\/\/saibam.com.br\/excel\/sobre\/","og_site_name":"Saibam","article_modified_time":"2023-10-12T23:08:50+00:00","twitter_card":"summary_large_image","twitter_misc":{"Tempo estimado de leitura":"1 minuto"},"schema":{"@context":"https:\/\/schema.org","@graph":[{"@type":"WebPage","@id":"https:\/\/saibam.com.br\/excel\/sobre\/","url":"https:\/\/saibam.com.br\/excel\/sobre\/","name":"Sobre - Saibam","isPartOf":{"@id":"https:\/\/saibam.com.br\/excel\/#website"},"datePublished":"2023-10-07T23:58:06+00:00","dateModified":"2023-10-12T23:08:50+00:00","description":"Bem-vindo ao nosso universo VBA! Somos uma equipe apaixonada por programa\u00e7\u00e3o VBA e estamos dedicados a ajudar voc\u00ea a dominar essa poderosa linguagem de automa\u00e7\u00e3o no Microsoft Excel e outras aplica\u00e7\u00f5es do Office.","breadcrumb":{"@id":"https:\/\/saibam.com.br\/excel\/sobre\/#breadcrumb"},"inLanguage":"pt-PT","potentialAction":[{"@type":"ReadAction","target":["https:\/\/saibam.com.br\/excel\/sobre\/"]}]},{"@type":"BreadcrumbList","@id":"https:\/\/saibam.com.br\/excel\/sobre\/#breadcrumb","itemListElement":[{"@type":"ListItem","position":1,"name":"In\u00edcio","item":"https:\/\/saibam.com.br\/excel\/"},{"@type":"ListItem","position":2,"name":"Sobre"}]},{"@type":"WebSite","@id":"https:\/\/saibam.com.br\/excel\/#website","url":"https:\/\/saibam.com.br\/excel\/","name":"Saibam","description":"Excel Macros VBA","potentialAction":[{"@type":"SearchAction","target":{"@type":"EntryPoint","urlTemplate":"https:\/\/saibam.com.br\/excel\/?s={search_term_string}"},"query-input":{"@type":"PropertyValueSpecification","valueRequired":true,"valueName":"search_term_string"}}],"inLanguage":"pt-PT"}]}},"tpgb_featured_images":null,"tpgb_post_meta_info":{"get_date":"Outubro 7, 2023","get_modified_date":"Outubro 12, 2023","author_name":"admin","author_url":"https:\/\/saibam.com.br\/excel\/author\/admin-2\/","author_email":"admin@saibam.com.br","author_website":"https:\/\/saibam.com.br\/excel","author_description":"","author_facebook":"","author_twitter":"","author_instagram":"","author_role":["administrator"],"author_firstname":"","author_lastname":"","user_login":"Pizza","author_avatar":"<img alt='' src='https:\/\/secure.gravatar.com\/avatar\/814c3f56d09b0c5755ac3b2c200ae705288694cfce205a77aaa6142979dfe4aa?s=200&#038;d=mm&#038;r=g' srcset='https:\/\/secure.gravatar.com\/avatar\/814c3f56d09b0c5755ac3b2c200ae705288694cfce205a77aaa6142979dfe4aa?s=400&#038;d=mm&#038;r=g 2x' class='avatar avatar-200 photo' height='200' width='200' decoding='async'\/>","author_avatar_url":"https:\/\/secure.gravatar.com\/avatar\/814c3f56d09b0c5755ac3b2c200ae705288694cfce205a77aaa6142979dfe4aa?s=96&d=mm&r=g","comment_count":0,"post_likes":0,"post_views":0},"tpgb_post_category":[],"_links":{"self":[{"href":"https:\/\/saibam.com.br\/excel\/wp-json\/wp\/v2\/pages\/17","targetHints":{"allow":["GET"]}}],"collection":[{"href":"https:\/\/saibam.com.br\/excel\/wp-json\/wp\/v2\/pages"}],"about":[{"href":"https:\/\/saibam.com.br\/excel\/wp-json\/wp\/v2\/types\/page"}],"author":[{"embeddable":true,"href":"https:\/\/saibam.com.br\/excel\/wp-json\/wp\/v2\/users\/2"}],"replies":[{"embeddable":true,"href":"https:\/\/saibam.com.br\/excel\/wp-json\/wp\/v2\/comments?post=17"}],"version-history":[{"count":7,"href":"https:\/\/saibam.com.br\/excel\/wp-json\/wp\/v2\/pages\/17\/revisions"}],"predecessor-version":[{"id":551,"href":"https:\/\/saibam.com.br\/excel\/wp-json\/wp\/v2\/pages\/17\/revisions\/551"}],"wp:attachment":[{"href":"https:\/\/saibam.com.br\/excel\/wp-json\/wp\/v2\/media?parent=17"}],"curies":[{"name":"wp","href":"https:\/\/api.w.org\/{rel}","templated":true}]}}